culate the highest common factor of 111154 and 7748.
298
Calculate the greatest common factor of 524 and 592.
4
What is the highest common factor of 54 and 14928?
6
What is the highest common divisor of 44082 and 56880?
1422
What is the greatest common divisor of 2864 and 432?
16
What is the highest common factor of 9 and 4967505?
9
What is the greatest common divisor of 297362 and 208?
26
Calculate the greatest common divisor of 7344 and 11968.
272
Calculate the highest common factor of 7875 and 2394.
63
What is the greatest common divisor of 2760 and 1520?
40
What is the greatest common factor of 311 and 12623801?
311
Calculate the highest common divisor of 1657976 and 272.
136
Calculate the highest common factor of 358 and 442846.
358
Calculate the greatest common divisor of 27 and 1356237.
27
What is the greatest common factor of 98362 and 561?
187
What is the highest common divisor of 696 and 6149624?
232
Calculate the greatest common divisor of 3304525 and 230.
115
What is the greatest common divisor of 80 and 203888?
16
Calculate the highest common factor of 63017 and 82.
41
What is the greatest common factor of 8211 and 1225?
7
What is the greatest common factor of 1620 and 8420?
20
What is the greatest common factor of 2911876 and 11?
11
What is the highest common factor of 115221 and 84774?
597
What is the highest common divisor of 32485 and 1691?
89
What is the highest common divisor of 99 and 2684?
11
Calculate the highest common divisor of 947688 and 21.
21
What is the highest common factor of 96 and 14142?
6
What is the highest common factor of 63462 and 80083?
1511
Calculate the highest common factor of 1943 and 69426.
29
What is the highest common factor of 506 and 871838?
506
What is the greatest common divisor of 13 and 58318?
13
What is the greatest common divisor of 702808 and 472?
472
What is the greatest common divisor of 38306 and 642?
214
What is the highest common factor of 50 and 541825?
25
What is the highest common divisor of 59668 and 28?
28
What is the highest common divisor of 1541 and 9313?
67
What is the highest common divisor of 202 and 10331795?
101
What is the highest common divisor of 290580 and 40414?
334
Calculate the greatest common factor of 2316 and 204.
12
What is the highest common divisor of 1728 and 1112064?
192
Calculate the greatest common divisor of 22 and 53581.
11
What is the greatest common divisor of 91 and 2192281?
91
Calculate the greatest common divisor of 282 and 2481459.
141
Calculate the highest common divisor of 120 and 1869480.
120
Calculate the greatest common divisor of 512 and 432.
16
Calculate the greatest common divisor of 12638 and 3692.
142
What is the greatest common divisor of 414784 and 32?
32
Calculate the greatest common factor of 65 and 377.
13
What is the highest common factor of 325 and 135785?
65
Calculate the highest common factor of 1222 and 10622.
94
What is the highest common factor of 192 and 760192?
64
What is the highest common factor of 10759 and 2396183?
1537
Calculate the highest common factor of 202157 and 1582.
113
What is the highest common factor of 55 and 6065?
5
What is the greatest common factor of 118100 and 800?
100
Calculate the highest common divisor of 1309 and 32963.
119
What is the greatest common divisor of 2 and 38982?
2
What is the highest common divisor of 11590 and 183?
61
Calculate the highest common factor of 254 and 41275.
127
What is the greatest common factor of 1955 and 34040?
115
Calculate the greatest common factor of 9951 and 51367.
31
Calculate the greatest common divisor of 3402 and 41256.
54
Calculate the greatest common divisor of 154280 and 77.
7
What is the greatest common factor of 8225 and 34175?
25
Calculate the greatest common divisor of 2270 and 32688.
454
Calculate the greatest common factor of 1545 and 306940.
515
What is the highest common divisor of 68557 and 895?
179
What is the highest common factor of 6 and 1038?
6
What is the greatest common divisor of 29 and 1964953?
29
What is the highest common factor of 138193 and 9607?
739
Calculate the highest common factor of 1634 and 34228.
86
What is the highest common factor of 269 and 13181?
269
What is the highest common divisor of 44759 and 23309?
143
What is the highest common factor of 710 and 520?
10
Calculate the highest common factor of 130 and 146588.
26
Calculate the highest common divisor of 393 and 747093.
393
What is the greatest common divisor of 4209 and 13248?
69
Calculate the greatest common divisor of 490 and 13826820.
490
Calculate the highest common factor of 480 and 241320.
120
Calculate the highest common factor of 1267 and 508067.
1267
What is the greatest common divisor of 4543 and 55?
11
Calculate the greatest common factor of 211104 and 19296.
288
What is the greatest common factor of 7948 and 52?
4
What is the highest common divisor of 1317 and 124237?
439
Calculate the greatest common factor of 42 and 600579.
21
Calculate the highest common factor of 127 and 1681.
1
Calculate the highest common factor of 75 and 22380.
15
What is the greatest common factor of 7426 and 2528?
158
Calculate the greatest common factor of 11448 and 162.
54
What is the greatest common factor of 160 and 16760?
40
Calculate the greatest common factor of 13431 and 111.
111
What is the greatest common factor of 1587 and 17250?
69
Calculate the highest common factor of 5 and 11984.
1
Calculate the greatest common divisor of 175877 and 9711.
1079
Calculate the highest common factor of 4397588 and 1976.
988
What is the highest common divisor of 21 and 10766?
7
Calculate the highest common factor of 1526 and 1090.
218
What is the greatest common factor of 266 and 16282?
14
Calculate the greatest common factor of 16994 and 6446.
586
Calculate the greatest common factor of 35485 and 136655.
755
What is the highest common factor of 153488 and 53?
53
Calculate the greatest common factor of 4203 and 784560.
1401
Calculate the greatest common factor of 73 and 19973019.
73
Calculate the greatest common divisor of 332912 and 8.
8
Calculate the highest common factor of 104 and 914680.
104
What is the highest common divisor of 28592 and 8816?
16
Calculate the highest common divisor of 918 and 2262258.
306
What is the highest common factor of 369 and 22427?
41
What is the greatest common divisor of 3895226 and 1194?
398
What is the greatest common divisor of 4232 and 949555?
529
What is the highest common divisor of 29403 and 13431?
363
What is the highest common factor of 35664 and 6?
6
What is the greatest common factor of 355230 and 20?
10
Calculate the highest common divisor of 20111 and 819.
91
Calculate the greatest common factor of 18 and 20007.
9
Calculate the greatest common divisor of 2088 and 252300.
348
Calculate the highest common factor of 1232 and 1488.
16
What is the greatest common divisor of 90 and 167580?
90
What is the highest common factor of 40 and 842984?
8
Calculate the highest common factor of 102 and 322864.
34
Calculate the greatest common divisor of 688 and 27864.
344
What is the highest common factor of 525 and 308?
7
What is the greatest common divisor of 203342 and 2776?
694
What is the greatest common divisor of 2464 and 60599?
77
Calculate the greatest common divisor of 172081 and 217.
217
Calculate the greatest common factor of 4224 and 449472.
192
What is the greatest common factor of 295559 and 24541?
1067
Calculate the highest common divisor of 80 and 131880.
40
What is the highest common divisor of 6 and 863?
1
Calculate the highest common factor of 70565 and 649.
11
What is the highest common divisor of 7775523 and 996?
249
Calculate the greatest common divisor of 921010 and 1550.
310
What is the highest common divisor of 198079 and 21?
7
What is the highest common factor of 17640 and 72?
72
What is the greatest common divisor of 72 and 428616?
72
Calculate the highest common factor of 102 and 26265.
51
What is the highest common divisor of 19314780 and 534?
534
Calculate the greatest common divisor of 64960 and 126.
14
Calculate the highest common divisor of 8000 and 1100.
100
What is the greatest common divisor of 93585 and 135?
15
What is the greatest common factor of 1254 and 97166?
38
Calculate the greatest common factor of 131972 and 